 the greatest common divisor of i and b.
22
Let h(d) = -2*d**3 + 38*d**2 - 32*d - 21. Let i be h(18). What is the greatest common divisor of i and 6?
3
Let f(s) = 2*s**2 - 3*s - 8. Let m be f(6). Suppose -3*v + 4*l - 3*l = -65, 3*l = -v + 35. What is the highest common divisor of m and v?
23
Suppose 4*q + 6 = 3*q - 4*j, -46 = -5*q - j. Let h(d) = 41*d + 2834. Let x be h(-69). Calculate the greatest common factor of q and x.
5
Let g be 95 + (-1)/((-1)/1). Let x = 1578 + -1566. What is the greatest common divisor of x and g?
12
Suppose 4*r - 96 = -z, -137 = -5*r + 2*z + z. Suppose 0*c - 3*c + 675 = 0. Calculate the greatest common factor of r and c.
25
Let f = 7 + -4. Let r be (-2 + f + -2)*-35. Suppose 3*a + 2*a - r = 0. What is the highest common factor of a and 49?
7
Let p be (-315)/(-7) - 9 - (0 + 3). What is the highest common factor of 55 and p?
11
Let m(q) = -63*q - 144. Let n be m(-7). Calculate the greatest common divisor of 1089 and n.
99
Let l be (-1 - -775)/(30/(-20)). Let d be l/(-15) - (-6)/10. Let n = d + -20. What is the highest common factor of 165 and n?
15
Suppose 3*k + 3*h = -2*k + 115, 0 = -h. Let x(s) = -161*s**3 + s + 1. Let t be x(-1). What is the greatest common factor of t and k?
23
Suppose 3*d + 0*d = -5*s + 2, -d + 4 = 5*s. Suppose s = -t + 13. Suppose -4*l + 3*l = -t. What is the greatest common factor of 18 and l?
6
Let l(u) = 2*u**3 - 2*u**2 - u - 2. Let k = 7 - 5. Let x be l(k). Suppose j - 5 + x = 0. What is the highest common factor of j and 7?
1
Let a(p) = p**3 + 13*p**2 + 28*p + 212. Let s be a(-12). Calculate the greatest common divisor of s and 250.
10
Let b = 35 + 101. Calculate the highest common divisor of b and 17.
17
Suppose -a + 352 = 3*t, 4*a - 6*t + 11*t - 1387 = 0. Calculate the greatest common factor of 21 and a.
7
Let l(d) = -48*d + 408. Let f be l(8). Calculate the highest common divisor of 456 and f.
24
Suppose -3*g + 12 = 0, 0 = -4*j - g - g + 164. Let k(a) = -a**3 + 3*a**2 + 4*a + 1. Let p be k(3). Calculate the highest common factor of j and p.
13
Suppose -3*k = -4*t + 2, -4*k = 4*t - 1 + 13. Let i be -2 + (k - (3 - 28)). Let j = 22 - i. Calculate the highest common factor of j and 7.
1
Suppose 0 = -4*f + 20 - 4. Let l be (-1)/4 + 53/f. Suppose x + 2*b = 27 - 5, -54 = -2*x + b. Calculate the highest common factor of l and x.
13
Suppose -10*h + 38 = -592. What is the highest common factor of 18 and h?
9
Let s = -21 + 5. Let m = 19 + s. Calculate the highest common factor of 6 and m.
3
Let b(i) = -5*i - 35. Let h be b(-13). Suppose 5*a - 3*s - h = -8*s, 18 = 2*a - 4*s. What is the greatest common factor of 7 and a?
7
Let n be -28 + 25 + 3/(-2)*-302. Calculate the greatest common factor of 180 and n.
90
Let n = 113 + -47. Suppose -k - 2*m = -12, 4*k - n = 2*m - m. What is the highest common divisor of k and 80?
16
Suppose 27*o = 25*o + 156. Calculate the highest common divisor of o and 54.
6
Let d be 22/(-12) + (-3)/18 - -218. Calculate the greatest common factor of 24 and d.
24
Let o = 42 - 23. Let w = 0 - 0. Suppose p - o - 11 = w. Calculate the highest common divisor of 12 and p.
6
Let f be -18*(74/4 + 2). Let k = -87 - 62. Let y = k - f. Calculate the highest common divisor of y and 20.
20
Let a(g) = 4*g**2 + 10*g + 6. Let q be a(3). What is the highest common factor of q and 216?
72
Let i(x) = 6*x - 38. Let m be i(29). What is the highest common divisor of m and 34?
34
Let x(u) = 3*u**2 + 6*u. Let q be x(-5). Let m be q/6*16/3. Suppose 0 = 4*t + 2*n - 132 + m, 4*t + 4*n = 88. What is the greatest common divisor of t and 6?
6
Let g be -1038*(-5)/(12 - 7). Calculate the highest common divisor of 6 and g.
6
Suppose -8*u + 9 = -199. Suppose -4*b - 91 + 923 = 0. Calculate the greatest common factor of b and u.
26
Suppose -4*k + 16 = 0, 6*i + 28 = 8*i + 3*k. Suppose 9*u - 800 = 5*u. Calculate the highest common factor of i and u.
8
Suppose 0 = -8*k + 121 - 105. Suppose 3*i = 4*f + f + 121, 108 = 4*i + 4*f. Calculate the highest common factor of i and k.
2
Let n = 2003 + -1915. Calculate the greatest common divisor of 33 and n.
11
Let m(f) = -f**3 - 5*f**2 - f - 2. Let u be m(-5). Suppose 4*z = 5*p - 76, -u*p + 72 = 3*z + 21. Calculate the highest common divisor of p and 40.
8
Let i be (-2 - -1)*(-4 + 3) - -307. Calculate the greatest common divisor of 28 and i.
28
Let i(p) = -p**3 - 3*p**2 - 6*p - 4. Let y be i(-4). Let c = 305 - 197. Calculate the greatest common factor of y and c.
36
Let d = 310 + -307. What is the greatest common divisor of 5 and d?
1
Let h(w) = 13 + 6 - 7*w + 35. Let x be h(0). What is the greatest common factor of x and 27?
27
Suppose o = -m + 120, -3*m - 4*o + 5 = -353. Let z = -20 + m. Calculate the greatest common divisor of 68 and z.
34
Let l(c) = 25*c + 421. Let p be l(-14). What is the highest common divisor of 1 and p?
1
Let n(d) = -3*d + 5. Let r be n(-5). Suppose -3*u = -u - r. Calculate the greatest common divisor of 2 and u.
2
Let f(q) be the second derivative of 17*q**4/12 + q**3/2 + 2*q**2 - 3*q. Let j be f(-3). Suppose 40 - j = -2*m. Calculate the highest common divisor of 6 and m.
6
Suppose 0 = 630*f - 612*f - 2664. Let t(z) = -4*z**3 + z**2 - z - 1. Let i be t(-2). Calculate the highest common divisor of i and f.
37
Let s be (-7 - (-12)/4) + 16. Suppose -10*m + s = -8*m. Suppose -b + m - 2 = 0. Calculate the greatest common divisor of 6 and b.
2
Let b(c) = c**2 + 17*c + 18. Let m(s) = -s**2 - 16*s - 19. Let j(u) = -4*b(u) - 3*m(u). Let r be j(-5). Calculate the highest common divisor of r and 40.
20
Let u = -246 - -279. Calculate the greatest common divisor of u and 528.
33
Suppose -n - 5 = -6. Suppose 17 + n = -2*w. Let r = 23 + w. Calculate the highest common divisor of r and 126.
14
Suppose 3*m = 9, 4*q - 5*m - 64 = 161. Let a(u) = u**3 - 4*u**2 - 8*u + 6. Let w be a(6). Suppose 0 = -i + w. Calculate the greatest common divisor of q and i.
30
Suppose 12 = p + p. Let u be (p + (1 - 0) + -2)/1. Calculate the greatest common factor of 40 and u.
5
Let v = 141 - 107. Suppose -2*d + v + 46 = 0. Let o(m) = 9*m - 1. Let i be o(1). Calculate the greatest common divisor of i and d.
8
Suppose 115*l + 1225 = 122*l. What is the highest common divisor of l and 7?
7
Let l be 9/(-4)*(-928)/58. What is the greatest common divisor of l and 144?
36
Let m(x) be the third derivative of x**5/30 - 4*x**4/3 + 5*x**3/6 + 4*x**2. Let t be m(16). What is the highest common factor of 35 and t?
5
Let x = 1046 + -890. Calculate the highest common factor of x and 12.
12
Suppose 0 = 4*o - 2*d - 60, 0*o - 72 = -4*o - d. Let w = -2027 - -2044. What is the highest common factor of o and w?
17
Let d(z) = -3*z**2 + 6*z - 2. Let i be d(4). Let b = i - -37. Let h = 47 - 36. What is the highest common factor of b and h?
11
Suppose 2*d - 10 = 0, d + 2*d = -2*v + 147. What is the greatest common divisor of 110 and v?
22
Suppose -40 = -3*r - 1. Let m = r - 7. Suppose -63 = 3*b - 225. Calculate the greatest common factor of b and m.
6
Let x be (-8215)/159*(1 + -4). Suppose -5*h + 3*d - 4*d = -311, 5*h - 313 = -3*d. Calculate the greatest common divisor of h and x.
31
Let i be -4 - -1 - (-3)/((-3)/(-13)). Let o(f) = 0*f**2 - 8 - 2*f**2 + 3*f**2 - 7*f. Let k be o(i). Calculate the highest common divisor of 88 and k.
22
Let r be (-1 + -1)/(18/(-45)). Suppose -r*o + 0*i = 5*i - 145, -59 = -2*o - i. Calculate the greatest common divisor of o and 15.
15
Let a(u) = -2*u**3 - 5*u**2 - 10*u - 1. Let v be a(-3). What is the highest common factor of v and 26?
2
Let a be 12/(-21) + -764*4/(-56). What is the highest common divisor of 9 and a?
9
Suppose 3*v + 4*i - 954 = 171, 5*v + i - 1858 = 0. Let b = 93 + v. What is the greatest common divisor of b and 58?
58
Let p be -3 + 2 + 4 + 46. Let v = 50 - p. What is the highest common divisor of 1 and v?
1
Suppose 5*k + 35 = 2*w, -23 + 3 = 4*k. Suppose -269 = -5*c - 2*a, 6*c - c + w*a = 260. Let s be c/2 - 1/(-2). What is the greatest common divisor of 4 and s?
4
Let c = -286 - -303. What is the highest common factor of 68 and c?
17
Let l = 85 - 31. Suppose -49*n + 216 = -37*n. What is the greatest common factor of l and n?
18
Let y be 2*((-195)/(-156))/((-15)/(-18)). Let d be 2 + -2 + -2 + 29. What is the highest common divisor of y and d?
3
Let o = 65 - 79. Let